41*a - 39*a - 1774, 0 = -5*b + 5*a + 2180. What is the highest common divisor of b and 45?
9
Let u = -217 + 221. Let k(m) be the first derivative of m**3/3 - m**2/2 - 2*m - 2. Let x be k(u). Calculate the greatest common factor of x and 20.
10
Let s(i) = -i**3 + 14*i**2 - 116*i + 2494. Let j be s(16). Let l = 49 + -21. What is the greatest common factor of j and l?
14
Let d(y) = 30*y - 3113. Let z be d(110). What is the greatest common divisor of z and 6919?
187
Let q(b) = 69*b - 18. Let d be q(5). Let a = d + -310. What is the greatest common factor of 17 and a?
17
Suppose 2*k - 5*u - 72 = k, -300 = -5*k + 5*u. Let x = -21898 - -21917. Calculate the greatest common divisor of x and k.
19
Let g be (-2 - (-4 + 5)) + 0. Let w(n) = -n**3 - 3*n**2 - n + 2. Let d be w(g). Suppose -25 - 15 = -d*k. Calculate the highest common divisor of k and 16.
8
Let i = 10520 - 10169. Calculate the greatest common divisor of i and 1235.
13
Suppose 5*w = -3*w + 608. Let p = 23 + w. Suppose 0*b + p = b. Calculate the highest common divisor of b and 9.
9
Let p(n) = n**3 + 2*n**2 + 4*n + 5. Let s be p(0). Suppose -4*t + 7*w - 3*w = -1180, -2*t - s*w = -625. What is the greatest common divisor of t and 80?
20
Let x = 71 - -374. Suppose -x = -12*k - 49. Calculate the greatest common divisor of 55 and k.
11
Suppose 7*k - 8*k - 2040 = -6*k. What is the greatest common divisor of 1360 and k?
136
Let b(i) = 9*i**3 - 5*i**2 + 14*i - 34. Let f be b(5). Suppose -6*g = -686 - f. What is the greatest common divisor of g and 82?
41
Let w be (-1 + ((-108)/(-144))/(1/(-6)))*-154. Calculate the highest common factor of 484 and w.
121
Suppose -30*o + 299 = -24*o - 2179. Suppose 4*k - 295 = 177. Calculate the highest common factor of k and o.
59
Let v(n) = -2*n**3 + 25*n**2 + 67*n + 152. Let j be v(15). Let t be (-1 + 10 + -1)*2. What is the greatest common factor of t and j?
16
Let v = -5217 + 5227. What is the highest common divisor of 1805 and v?
5
Let g = 5721 - 5385. Suppose 0 = -2*c - 4, -4*b + 54 = 5*c - 0*c. What is the highest common factor of g and b?
16
Let m be (11 + (-84892)/(-57))/((-4)/6 + 1). What is the greatest common divisor of 7 and m?
7
Suppose -28 = -2*n + 5*d, 2*n - 10 - 18 = d. Let c be (-1988)/(-355) + 12/5. Calculate the greatest common factor of n and c.
2
Suppose 139*a = 169*a - 5250. Calculate the highest common divisor of 275 and a.
25
Let s(c) = -12*c + 651. Let p be s(33). What is the greatest common factor of 85 and p?
85
Suppose 5*b = 4*a - 4498, 16*b = -3*a + 18*b + 3370. Suppose 2*i - 447 = 7*l - 10*l, 3*l = -5*i + a. Calculate the highest common factor of i and 15.
15
Let f = 140 - 133. Suppose -f*u = -92 - 160. What is the greatest common divisor of 45 and u?
9
Let c be (-2)/((-2)/21) + 400/(-100). Suppose 0 = -c*o + 2618 + 2380. What is the greatest common factor of 49 and o?
49
Let c = -7097 - -7176. What is the greatest common divisor of c and 158?
79
Suppose -3*n + 6 = -0. Let j(v) = -44*v**2 - 31*v - 3. Let y be j(-1). Let c be (y/120 - n/(-15)) + 81. Calculate the greatest common factor of c and 9.
9
Suppose i - d = 5, 4*i - 5*d - 22 = -0*d. Let p = i - -97. Suppose 0 = 7*o - p - 348. Calculate the greatest common factor of 4 and o.
4
Let q(u) = -24*u**2 - 88*u + 4. Let i be q(-2). Calculate the greatest common factor of 273 and i.
21
Suppose m + 3*c = 2113, 5*m - 3*c - 7075 - 3436 = 0. Calculate the greatest common factor of m and 32.
8
Suppose 5*t = 3*f - 917, 273 = f - 31*t + 34*t. What is the greatest common divisor of f and 30?
6
Suppose 2*i - b + 7 = 2*b, 5*i = 3*b + 5. Let q be (-9 - -6)*15/6*6. Let t be (9/(-2))/(q/120). Calculate the greatest common factor of i and t.
4
Suppose 2*n + n = -j + 526, 3*n - 5*j = 502. Let s = n - 165. What is the greatest common divisor of s and 81?
9
Let x(a) = a**3 + 9*a**2 + 11*a - 6. Let l be x(-7). Let n = 8 - l. Let d be (-1)/(1 + 0)*n. Calculate the greatest common factor of 77 and d.
7
Let y be (-2)/(-11) + 3186/(-99). Let d be 56/y + (-2)/8 - -162. What is the highest common divisor of 10 and d?
10
Suppose -31*m = -34*m + 51. Suppose 0 = -20*k + m*k + 75. Calculate the greatest common factor of k and 25.
25
Suppose 4*n = -4*y + 172, 3*y - 2*n - 65 = 44. Let f(h) = -497*h - 867. Let z be f(-3). What is the greatest common divisor of y and z?
39
Let m = -20366 + 22116. Calculate the greatest common factor of m and 105.
35
Let h(a) = -2*a**2 - 10*a - 10. Let v be h(-4). Let u be (70/(-5) - v)*8/(-6). Let s = 0 - -32. What is the highest common factor of u and s?
16
Suppose -5*w = -2*k - 9*w + 9414, 0 = -w. Suppose -11*m + 408 = -k. Calculate the greatest common factor of m and 279.
93
Let a(z) = -9*z**3 - 6*z**2 + 79*z + 295. Let n be a(-4). What is the greatest common divisor of 255 and n?
51
Let j = 431 - 432. Let s be (-4 - j)/(228/(-14060)). What is the highest common divisor of s and 148?
37
Let f(v) = v**3 + 104*v**2 + 1108*v + 119. Let s be f(-91). What is the greatest common factor of s and 140?
28
Let l(k) be the first derivative of 25*k**3/3 - 5*k + 1. Let n = 552 + -554. Let a be l(n). Calculate the greatest common factor of 19 and a.
19
Suppose 1781*u + 474 = 1939*u. Suppose c = -c + 16. Calculate the greatest common factor of u and c.
1
Let i be -1*12 + (4/2 - 3). Let j be i/(-3) + 10/15 + 295. Calculate the greatest common factor of j and 25.
25
Suppose -48 = -12*v - 12. Suppose 4*t - 3*t - v*n = 8, 4*t - 14 = 3*n. What is the highest common divisor of t and 14?
2
Let c be 2/4*(6 + -4). What is the greatest common divisor of 79 and c?
1
Suppose -3*m + 3913 = -863. Calculate the highest common divisor of m and 12.
4
Let u = -5408 - -5463. Calculate the greatest common factor of 6875 and u.
55
Let s = 3076 + -1868. What is the highest common divisor of 32 and s?
8
Suppose -3*s = -2*p - 5, -3*s - p = 3*p - 17. Suppose 81 = 3*q - 4*x, 24*q - 20*q - 108 = -x. What is the greatest common factor of s and q?
3
Let s be (-4)/(-112) + 5875/140. Calculate the greatest common divisor of s and 322.
14
Let x = -8333 - -19493. Calculate the greatest common factor of 18 and x.
18
Let b be 4/(-50)*-5 - (-12)/(-5). Let i be (-6)/(-7)*(b + 120/18). Suppose 2*o = 37 - 29. Calculate the greatest common divisor of o and i.
4
Let s(x) be the second derivative of 121*x**3/6 - 10*x**2 - 38*x. Let z be s(3). What is the greatest common divisor of z and 196?
49
Let b be ((-280)/(-21))/8*414. Calculate the greatest common divisor of b and 120.
30
Let y(f) = -209*f + 493. Let s be y(2). What is the highest common divisor of 255 and s?
15
Let p(g) = g**3 + 26*g**2 - 92*g - 668. Let f be p(-28). Calculate the highest common divisor of 612 and f.
68
Let t be 117/(-26)*(-14)/3. Let y = 23 - t. Suppose 11*n - y = 20. What is the highest common divisor of n and 1?
1
Suppose 36*g - 702 - 3153 = 33. What is the greatest common divisor of 243 and g?
27
Suppose 7*u + 561 - 505 = 0. Let g be 31 + (1/u - 660/96). Let n(i) = -4*i**3 - 5*i**2 + i - 4. Let c be n(-4). Calculate the highest common divisor of g and c.
24
Let t be (32/12)/((-6)/(-117)). Let i = t + -23. Suppose 2*z + 3*p - 104 = 0, -p = -z - 25 + 87. Calculate the highest common divisor of i and z.
29
Suppose 3*p = 2*p + 88. Suppose -143*a = -132*a - 143. Suppose a*m = 17*m - 44. What is the highest common factor of m and p?
11
Let a be 156/(-18)*(-1 - -4). Let j be 6/(-39) - (-1 + 34064/a). What is the greatest common factor of j and 57?
57
Let x be 566 + (-6 - 14) + 14. What is the highest common factor of x and 1456?
112
Let x(s) = 171*s**2 - 2*s + 56. Let b be x(-4). Calculate the highest common factor of b and 336.
112
Suppose 185*m = 1401 + 1559. What is the highest common factor of m and 9992?
8
Suppose 2*r = 3*d + 8 - 84, -4*d = -3*r - 102. What is the highest common divisor of 93 and d?
3
Let v(k) = 2*k**2 - 29*k. Let x be v(15). Suppose 4*p = 3*c + 16, -5*p - 6*c - x = -c. Calculate the greatest common factor of 5 and p.
1
Suppose 0 = -25*r + 29*r + 2*c - 978, -r - 5*c + 249 = 0. What is the highest common divisor of r and 11956?
244
Suppose 0 = 4*y - 5*y + 5*j - 5, -10 = -4*y + 5*j. Let x = 23 - 20. Suppose -d - x = 0, 0 = -k + 6*d - 3*d + 54. What is the highest common divisor of k and y?
5
Let m = -40 - -34. Suppose 2*a - 5 = 13. Let f be m/4*1